{"id":2926,"date":"2024-12-05T11:26:41","date_gmt":"2024-12-05T10:26:41","guid":{"rendered":"https:\/\/lawebdehumada.es\/?page_id=2926"},"modified":"2025-04-08T12:25:55","modified_gmt":"2025-04-08T10:25:55","slug":"bienvenidos-2","status":"publish","type":"page","link":"https:\/\/lawebdehumada.es\/","title":{"rendered":"BIENVENIDOS"},"content":{"rendered":"\n<details class=\"wp-block-details is-layout-flow wp-block-details-is-layout-flow\" open><summary><\/summary><div class=\"wp-block-image\">\n<figure class=\"aligncenter size-full\"><img loading=\"lazy\" decoding=\"async\" width=\"881\" height=\"588\" src=\"https:\/\/lawebdehumada.es\/wp-content\/uploads\/2023\/01\/Humada_Ulana.jpg\" alt=\"\" class=\"wp-image-77\" style=\"object-fit:cover\" srcset=\"https:\/\/lawebdehumada.es\/wp-content\/uploads\/2023\/01\/Humada_Ulana.jpg 881w, https:\/\/lawebdehumada.es\/wp-content\/uploads\/2023\/01\/Humada_Ulana-768x513.jpg 768w\" sizes=\"auto, (max-width: 881px) 100vw, 881px\" \/><figcaption class=\"wp-element-caption\">HUMADA, AL FONDO PE\u00d1A ULA\u00d1A<\/figcaption><\/figure>\n<\/div><\/details>\n\n\n\n<p>Esta p\u00e1gina web pretende ser una sencilla forma de comunicaci\u00f3n entre quienes llevamos en lo m\u00e1s profundo de nuestros sentimientos el amor por el pueblo que nos vio nacer y crecer, por su historia, sus costumbres y sus tradiciones.<\/p>\n\n\n\n<p>Pretende mantener vivo el amor por nuestra tierra y sus gentes a las que desde ni\u00f1os, recordamos con cari\u00f1o y admiraci\u00f3n.<\/p>\n\n\n\n<p>Pretende mantener en el recuerdo aquellas vivencias e ilusiones de tiempos pasados para preservarlas del olvido, ya que un pueblo que olvida su historia olvida sus ra\u00edces y pierde su identidad.<\/p>\n\n\n\n<p>Como consecuencia del desarrollo industrial de mediados del siglo pasado, Humada ha sido, de los pueblos de la zona, donde el zarpazo de la despoblaci\u00f3n se ha cebado con mayor virulencia, lo que conlleva la p\u00e9rdida de vitalidad, iniciativas e ilusiones propias de un pueblo joven. Haciendo un r\u00e1pido recuento, en dicha \u00e9poca, sobrepasaba holgadamente del centenar y medio de habitantes. Hoy apenas media docena de personas, algunas de ellas de avanzada edad, conviven diariamente.<\/p>\n\n\n\n<p>Es una pena recordar el ambiente de armon\u00eda y colaboraci\u00f3n que se respiraba en tiempos pasados, donde la solidaridad y el apoyo mutuo entre los vecinos contrasta con el aislamiento y retraimiento actuales consecuencia del decaimiento provocado por el abandono de nuestros pueblos de la Espa\u00f1a vaciada.<\/p>\n\n\n\n<p>Desde estas l\u00edneas queremos realizar una invitaci\u00f3n para que todos los que est\u00e9is interesados pod\u00e1is colaborar aportando materiales (art\u00edculos, fotograf\u00edas, palabras en desuso que utilizaban nuestros antepasados para ampliar nuestro vocabulario aut\u00f3ctono, etc.) de forma que esta web sea un medio de participaci\u00f3n colectiva, una web \u201ccomunera\u201d.<\/p>\n\n\n\n<p>Finalmente deciros que vuestras sugerencias y opiniones siempre ser\u00e1n bien recibidas y las recogeremos en un apartado propio y espec\u00edfico.<\/p>\n\n\n\n<p>Para ello hemos habilitado el\u00a0 siguiente email:\u00a0<\/p>\n\n\n\n<p><a href=\"mailto:lawebdehumada@gmail.com\">lawebdehumada@gmail.com<\/a><\/p>\n\n\n\n<p> a trav\u00e9s del cual podemos recibir vuestras colaboraciones.<\/p>\n\n\n\n<p>Recibid un cordial saludo.<\/p>\n\n\n\n<p>&nbsp;&nbsp;&nbsp;&nbsp;&nbsp;&nbsp;&nbsp;&nbsp;&nbsp;&nbsp;&nbsp;&nbsp;&nbsp;&nbsp;&nbsp;&nbsp;&nbsp;&nbsp;&nbsp;&nbsp;&nbsp;&nbsp;&nbsp;&nbsp;&nbsp;&nbsp;&nbsp;&nbsp;&nbsp;&nbsp;&nbsp;&nbsp;&nbsp;&nbsp;&nbsp;&nbsp;&nbsp;&nbsp;&nbsp;&nbsp;&nbsp;&nbsp;&nbsp;&nbsp;&nbsp;&nbsp;&nbsp;&nbsp;&nbsp;&nbsp;&nbsp;&nbsp;&nbsp;&nbsp;&nbsp;&nbsp;&nbsp;&nbsp;&nbsp;&nbsp;&nbsp;&nbsp;&nbsp;&nbsp;&nbsp;&nbsp;&nbsp;&nbsp; eduardos<\/p>\n","protected":false},"excerpt":{"rendered":"<p>Esta &hellip; <\/p>\n","protected":false},"author":1,"featured_media":0,"parent":0,"menu_order":0,"comment_status":"closed","ping_status":"closed","template":"","meta":{"h5ap_radio_sources":[],"footnotes":""},"class_list":["post-2926","page","type-page","status-publish","hentry"],"_links":{"self":[{"href":"https:\/\/lawebdehumada.es\/index.php?rest_route=\/wp\/v2\/pages\/2926","targetHints":{"allow":["GET"]}}],"collection":[{"href":"https:\/\/lawebdehumada.es\/index.php?rest_route=\/wp\/v2\/pages"}],"about":[{"href":"https:\/\/lawebdehumada.es\/index.php?rest_route=\/wp\/v2\/types\/page"}],"author":[{"embeddable":true,"href":"https:\/\/lawebdehumada.es\/index.php?rest_route=\/wp\/v2\/users\/1"}],"replies":[{"embeddable":true,"href":"https:\/\/lawebdehumada.es\/index.php?rest_route=%2Fwp%2Fv2%2Fcomments&post=2926"}],"version-history":[{"count":12,"href":"https:\/\/lawebdehumada.es\/index.php?rest_route=\/wp\/v2\/pages\/2926\/revisions"}],"predecessor-version":[{"id":4921,"href":"https:\/\/lawebdehumada.es\/index.php?rest_route=\/wp\/v2\/pages\/2926\/revisions\/4921"}],"wp:attachment":[{"href":"https:\/\/lawebdehumada.es\/index.php?rest_route=%2Fwp%2Fv2%2Fmedia&parent=2926"}],"curies":[{"name":"wp","href":"https:\/\/api.w.org\/{rel}","templated":true}]}}