{"id":2933,"date":"2024-12-05T12:29:52","date_gmt":"2024-12-05T11:29:52","guid":{"rendered":"https:\/\/lawebdehumada.es\/?page_id=2933"},"modified":"2025-02-26T11:54:19","modified_gmt":"2025-02-26T10:54:19","slug":"escudo","status":"publish","type":"page","link":"https:\/\/lawebdehumada.es\/?page_id=2933","title":{"rendered":"ESCUDO"},"content":{"rendered":"\n<figure class=\"wp-block-image size-full\"><img loading=\"lazy\" decoding=\"async\" width=\"602\" height=\"76\" src=\"https:\/\/lawebdehumada.es\/wp-content\/uploads\/2023\/01\/Titulo-1.jpg\" alt=\"\" class=\"wp-image-126\"\/><\/figure>\n\n\n\n<figure class=\"wp-block-image size-full\"><img loading=\"lazy\" decoding=\"async\" width=\"308\" height=\"385\" src=\"https:\/\/lawebdehumada.es\/wp-content\/uploads\/2023\/01\/Escudo-sin-fondo-2.png\" alt=\"\" class=\"wp-image-127\"\/><\/figure>\n\n\n\n<p><strong><em>ARMAS:<\/em><\/strong><\/p>\n\n\n\n<p>En oro, un \u00e1guila de sable, acompa\u00f1ada de una espada en la diestra.<\/p>\n\n\n\n<p><strong><em>SIMBOLOG\u00cdA DEL ESCUDO DE HUMADA<\/em><\/strong><\/p>\n\n\n\n<ul class=\"wp-block-list\">\n<li><strong><em>\u00c1GUILA<\/em><\/strong><strong><em><\/em><\/strong><\/li>\n<\/ul>\n\n\n\n<p>Simboliza el poder superior, la fuerza, la grandeza, la generosidad, magnanimidad y bizarr\u00eda de esp\u00edritu. Si va coronada se pretende destacar su posici\u00f3n de reina de los animales a\u00e9reos.<\/p>\n\n\n\n<ul class=\"wp-block-list\">\n<li><strong><em>SABLE<\/em><\/strong><\/li>\n<\/ul>\n\n\n\n<p>Es el color negro. Simboliza el pudor. Las caracter\u00edsticas her\u00e1ldicas que le corresponden son: prudencia, rigor, honestidad, obediencia, pudor. Los que lleven este color en su escudo deben servir a su soberano, pol\u00edtica y militarmente.<\/p>\n\n\n\n<ul class=\"wp-block-list\">\n<li><strong><em>ESPADA<\/em><\/strong><strong><\/strong><\/li>\n<\/ul>\n\n\n\n<p>Se le considera el m\u00e1s noble instrumento de guerra. Es el s\u00edmbolo de la justicia y soberan\u00eda, tambi\u00e9n simboliza la guerra y el poder soberano.<\/p>\n\n\n\n<ul class=\"wp-block-list\">\n<li><strong><em>ORO<\/em><\/strong><\/li>\n<\/ul>\n\n\n\n<p>Las caracter\u00edsticas her\u00e1ldicas que le corresponden son: nobleza, magnanimidad, riqueza, poder, luz, constancia, sabidur\u00eda. Por las leyes de la her\u00e1ldica quienes lleven este metal en sus escudos est\u00e1 obligados a hacer el bien a los pobres y a defender a sus pr\u00edncipes, peleando por ellos hasta la muerte.<\/p>\n","protected":false},"excerpt":{"rendered":"<p>ARMAS: &hellip; <\/p>\n","protected":false},"author":1,"featured_media":0,"parent":0,"menu_order":0,"comment_status":"closed","ping_status":"closed","template":"","meta":{"h5ap_radio_sources":[],"footnotes":""},"class_list":["post-2933","page","type-page","status-publish","hentry"],"_links":{"self":[{"href":"https:\/\/lawebdehumada.es\/index.php?rest_route=\/wp\/v2\/pages\/2933","targetHints":{"allow":["GET"]}}],"collection":[{"href":"https:\/\/lawebdehumada.es\/index.php?rest_route=\/wp\/v2\/pages"}],"about":[{"href":"https:\/\/lawebdehumada.es\/index.php?rest_route=\/wp\/v2\/types\/page"}],"author":[{"embeddable":true,"href":"https:\/\/lawebdehumada.es\/index.php?rest_route=\/wp\/v2\/users\/1"}],"replies":[{"embeddable":true,"href":"https:\/\/lawebdehumada.es\/index.php?rest_route=%2Fwp%2Fv2%2Fcomments&post=2933"}],"version-history":[{"count":2,"href":"https:\/\/lawebdehumada.es\/index.php?rest_route=\/wp\/v2\/pages\/2933\/revisions"}],"predecessor-version":[{"id":3115,"href":"https:\/\/lawebdehumada.es\/index.php?rest_route=\/wp\/v2\/pages\/2933\/revisions\/3115"}],"wp:attachment":[{"href":"https:\/\/lawebdehumada.es\/index.php?rest_route=%2Fwp%2Fv2%2Fmedia&parent=2933"}],"curies":[{"name":"wp","href":"https:\/\/api.w.org\/{rel}","templated":true}]}}