{"id":3641,"date":"2024-12-26T19:09:21","date_gmt":"2024-12-26T18:09:21","guid":{"rendered":"https:\/\/lawebdehumada.es\/?page_id=3641"},"modified":"2025-02-27T18:50:52","modified_gmt":"2025-02-27T17:50:52","slug":"el-castro-de-la-ulana","status":"publish","type":"page","link":"https:\/\/lawebdehumada.es\/?page_id=3641","title":{"rendered":"EL CASTRO DE LA ULA\u00d1A"},"content":{"rendered":"\n<ul class=\"wp-block-list\">\n<li class=\"has-medium-font-size\"><strong>El castro de la Ula\u00f1a I<\/strong>\n<ul class=\"wp-block-list\">\n<li><a href=\"https:\/\/lawebdehumada.es\/?p=1085\">El castro de la Ula\u00f1a<\/a><\/li>\n\n\n\n<li><a href=\"https:\/\/lawebdehumada.es\/?p=1095\">Un castro en la frontera de los C\u00e1ntabros<\/a><\/li>\n\n\n\n<li><a href=\"https:\/\/lawebdehumada.es\/?p=795\">El castro de la Ula\u00f1a un complejo arqueol\u00f3gico de gran importancia<\/a><\/li>\n\n\n\n<li><a href=\"https:\/\/lawebdehumada.es\/?p=1120\">El \u00aboppidum\u00bb de la Ula\u00f1a en la frontera de los c\u00e1ntabros<\/a><\/li>\n<\/ul>\n<\/li>\n\n\n\n<li class=\"has-medium-font-size\"><strong>El castro de la Ula\u00f1a II<\/strong>\n<ul class=\"wp-block-list\">\n<li><a href=\"https:\/\/lawebdehumada.es\/?p=1135\">Los arque\u00f3logos concluyen una campa\u00f1a de investigaci\u00f3n en la Ula\u00f1a<\/a><\/li>\n\n\n\n<li><a href=\"https:\/\/lawebdehumada.es\/?p=1139\">El castro de la Ula\u00f1a, primero resultados<\/a><\/li>\n\n\n\n<li><a href=\"https:\/\/lawebdehumada.es\/?p=1147\">Consideraciones econ\u00f3micas sobre el \u00aboppidum\u00bb de la Ula\u00f1a<\/a><\/li>\n\n\n\n<li><a href=\"https:\/\/lawebdehumada.es\/?p=1157\">Sistema defensivo del castro de la Ula\u00f1a<\/a><\/li>\n\n\n\n<li><a href=\"https:\/\/lawebdehumada.es\/?p=1175\">Nuevos hallazgos de la \u00e9poca de los c\u00e1ntabros<\/a><\/li>\n\n\n\n<li><a href=\"https:\/\/lawebdehumada.es\/?p=806\">Pe\u00f1a Ula\u00f1a, para\u00edso convertido en roca<\/a><\/li>\n\n\n\n<li><a href=\"https:\/\/lawebdehumada.es\/?p=859\">Hallan once nuevos castros que podr\u00edan reinterpretar la historia de las guerras c\u00e1ntabras<\/a><\/li>\n\n\n\n<li><a href=\"https:\/\/lawebdehumada.es\/?p=1197\">Medio centenar de castros afianzan la historia de Las Loras<\/a><\/li>\n<\/ul>\n<\/li>\n\n\n\n<li class=\"has-medium-font-size\"><strong>El castro de la Ula\u00f1a III<\/strong>\n<ul class=\"wp-block-list\">\n<li><a href=\"https:\/\/lawebdehumada.es\/?p=1179\">Descubiertos once nuevos castros en el norte de Burgos<\/a><\/li>\n\n\n\n<li><a href=\"https:\/\/lawebdehumada.es\/?p=1187\">Los castros del territorio de la Cantabria antigua<\/a><\/li>\n\n\n\n<li><a href=\"https:\/\/lawebdehumada.es\/?p=1190\">Treinta asentamientos de la Edad del Bronce en Las Loras<\/a><\/li>\n\n\n\n<li><a href=\"https:\/\/lawebdehumada.es\/?p=664\">Recorrido por los castros c\u00e1ntabros del norte de Burgos<\/a><\/li>\n<\/ul>\n<\/li>\n\n\n\n<li class=\"has-medium-font-size\"><strong>El castro de la Ula\u00f1a IV<\/strong>\n<ul class=\"wp-block-list\">\n<li><a href=\"https:\/\/lawebdehumada.es\/?p=1201\">Pe\u00f1a Amaya y pe\u00f1a Ula\u00f1a, toponimiay arqueolog\u00eda prerromanas<\/a><\/li>\n\n\n\n<li><a href=\"https:\/\/lawebdehumada.es\/?p=1204\">Los castros c\u00e1ntabros de las Loras recogidos en un libro<\/a><\/li>\n<\/ul>\n<\/li>\n\n\n\n<li class=\"has-medium-font-size\"><strong>El castro de la Ula\u00f1a V (Videos)<\/strong>\n<ul class=\"wp-block-list\">\n<li><a href=\"https:\/\/lawebdehumada.es\/?p=1229\">Las guerras c\u00e1ntabras<\/a><\/li>\n\n\n\n<li><a href=\"https:\/\/lawebdehumada.es\/?p=1237\">Los castros c\u00e1ntabros en las Loras<\/a><\/li>\n<\/ul>\n<\/li>\n<\/ul>\n\n\n\n<p><\/p>\n","protected":false},"excerpt":{"rendered":"","protected":false},"author":1,"featured_media":0,"parent":0,"menu_order":0,"comment_status":"closed","ping_status":"closed","template":"","meta":{"h5ap_radio_sources":[],"footnotes":""},"class_list":["post-3641","page","type-page","status-publish","hentry"],"_links":{"self":[{"href":"https:\/\/lawebdehumada.es\/index.php?rest_route=\/wp\/v2\/pages\/3641","targetHints":{"allow":["GET"]}}],"collection":[{"href":"https:\/\/lawebdehumada.es\/index.php?rest_route=\/wp\/v2\/pages"}],"about":[{"href":"https:\/\/lawebdehumada.es\/index.php?rest_route=\/wp\/v2\/types\/page"}],"author":[{"embeddable":true,"href":"https:\/\/lawebdehumada.es\/index.php?rest_route=\/wp\/v2\/users\/1"}],"replies":[{"embeddable":true,"href":"https:\/\/lawebdehumada.es\/index.php?rest_route=%2Fwp%2Fv2%2Fcomments&post=3641"}],"version-history":[{"count":24,"href":"https:\/\/lawebdehumada.es\/index.php?rest_route=\/wp\/v2\/pages\/3641\/revisions"}],"predecessor-version":[{"id":4477,"href":"https:\/\/lawebdehumada.es\/index.php?rest_route=\/wp\/v2\/pages\/3641\/revisions\/4477"}],"wp:attachment":[{"href":"https:\/\/lawebdehumada.es\/index.php?rest_route=%2Fwp%2Fv2%2Fmedia&parent=3641"}],"curies":[{"name":"wp","href":"https:\/\/api.w.org\/{rel}","templated":true}]}}

EL CASTRO DE LA ULAÑA

<ul class="wp-block-list">
<li class="has-medium-font-size"><strong>El castro de la Ulaña I</strong>
<ul class="wp-block-list">
<li><a href="https://lawebdehumada.es/?p=1085">El castro de la Ulaña</a></li>



<li><a href="https://lawebdehumada.es/?p=1095">Un castro en la frontera de los Cántabros</a></li>



<li><a href="https://lawebdehumada.es/?p=795">El castro de la Ulaña un complejo arqueológico de gran importancia</a></li>



<li><a href="https://lawebdehumada.es/?p=1120">El «oppidum» de la Ulaña en la frontera de los cántabros</a></li>
</ul>
</li>



<li class="has-medium-font-size"><strong>El castro de la Ulaña II</strong>
<ul class="wp-block-list">
<li><a href="https://lawebdehumada.es/?p=1135">Los arqueólogos concluyen una campaña de investigación en la Ulaña</a></li>



<li><a href="https://lawebdehumada.es/?p=1139">El castro de la Ulaña, primero resultados</a></li>



<li><a href="https://lawebdehumada.es/?p=1147">Consideraciones económicas sobre el «oppidum» de la Ulaña</a></li>



<li><a href="https://lawebdehumada.es/?p=1157">Sistema defensivo del castro de la Ulaña</a></li>



<li><a href="https://lawebdehumada.es/?p=1175">Nuevos hallazgos de la época de los cántabros</a></li>



<li><a href="https://lawebdehumada.es/?p=806">Peña Ulaña, paraíso convertido en roca</a></li>



<li><a href="https://lawebdehumada.es/?p=859">Hallan once nuevos castros que podrían reinterpretar la historia de las guerras cántabras</a></li>



<li><a href="https://lawebdehumada.es/?p=1197">Medio centenar de castros afianzan la historia de Las Loras</a></li>
</ul>
</li>



<li class="has-medium-font-size"><strong>El castro de la Ulaña III</strong>
<ul class="wp-block-list">
<li><a href="https://lawebdehumada.es/?p=1179">Descubiertos once nuevos castros en el norte de Burgos</a></li>



<li><a href="https://lawebdehumada.es/?p=1187">Los castros del territorio de la Cantabria antigua</a></li>



<li><a href="https://lawebdehumada.es/?p=1190">Treinta asentamientos de la Edad del Bronce en Las Loras</a></li>



<li><a href="https://lawebdehumada.es/?p=664">Recorrido por los castros cántabros del norte de Burgos</a></li>
</ul>
</li>



<li class="has-medium-font-size"><strong>El castro de la Ulaña IV</strong>
<ul class="wp-block-list">
<li><a href="https://lawebdehumada.es/?p=1201">Peña Amaya y peña Ulaña, toponimiay arqueología prerromanas</a></li>



<li><a href="https://lawebdehumada.es/?p=1204">Los castros cántabros de las Loras recogidos en un libro</a></li>
</ul>
</li>



<li class="has-medium-font-size"><strong>El castro de la Ulaña V (Videos)</strong>
<ul class="wp-block-list">
<li><a href="https://lawebdehumada.es/?p=1229">Las guerras cántabras</a></li>



<li><a href="https://lawebdehumada.es/?p=1237">Los castros cántabros en las Loras</a></li>
</ul>
</li>
</ul>



<p></p>
