{"id":4900,"date":"2025-04-06T13:10:36","date_gmt":"2025-04-06T11:10:36","guid":{"rendered":"https:\/\/lawebdehumada.es\/?page_id=4900"},"modified":"2025-05-24T22:15:54","modified_gmt":"2025-05-24T20:15:54","slug":"enlaces-de-interes","status":"publish","type":"page","link":"https:\/\/lawebdehumada.es\/?page_id=4900","title":{"rendered":"ENLACES DE INTER\u00c9S"},"content":{"rendered":"<div class=\"wp-block-image\">\n<figure class=\"aligncenter\"><img decoding=\"async\" src=\"https:\/\/www.lawebdevaldehumada.es\/wp-content\/uploads\/2017\/08\/T\u00edtulo-6.jpg\" alt=\"\" class=\"wp-image-923\"\/><\/figure>\n<\/div>\n\n\n<p>Insertamos en esta p\u00e1gina una serie de enlaces a organismos e instituciones de inter\u00e9s.<\/p>\n\n\n\n<ol class=\"wp-block-list\">\n<li><strong>TEL\u00c9FONOS DE INTER\u00c9S GENERAL<\/strong><\/li>\n<\/ol>\n\n\n\n<ul class=\"wp-block-list\">\n<li>Emergencias: 112<\/li>\n\n\n\n<li>Protecci\u00f3n civil: 947 215 691<\/li>\n\n\n\n<li>Cruz Roja: 947 212 311<\/li>\n\n\n\n<li>DGT: 900 123 505 900  o tambi\u00e9n 060<\/li>\n\n\n\n<li>Guardia Civil Villadiego: 947 36 16 04 o tambi\u00e9n 052<\/li>\n\n\n\n<li>Agentes medioambientales: Contacto personal los lunes a partir de 09:00 a 13:00 Ayuntamiento de Villadiego, segunda planta.\n<ul class=\"wp-block-list\">\n<li>Agentes encargados de zona\n<ul class=\"wp-block-list\">\n<li>Valle de Valdelucio y Humada 659 688 230 (Sergio)<\/li>\n\n\n\n<li>605 837 673 (Raquel) Jefa de comarca<\/li>\n\n\n\n<li>Oficina comarcal de Villadiego 947 577 618. <\/li>\n<\/ul>\n<\/li>\n<\/ul>\n<\/li>\n<\/ul>\n\n\n\n<ol class=\"wp-block-list\">\n<li><strong>ORGANISMOS OFICIALES<\/strong><\/li>\n<\/ol>\n\n\n\n<ul class=\"wp-block-list\">\n<li><strong>AYUNTAMIENTO DE HUMADA<\/strong><\/li>\n<\/ul>\n\n\n<div class=\"wp-block-image\">\n<figure class=\"alignleft\"><img decoding=\"async\" src=\"https:\/\/www.lawebdevaldehumada.es\/wp-content\/uploads\/2017\/08\/Ayuntamiento.jpg\" alt=\"\" class=\"wp-image-924\"\/><\/figure>\n<\/div>\n\n\n<p>C\/ San Miguel, 31<\/p>\n\n\n\n<p>09124 Humada (Burgos)<\/p>\n\n\n\n<p>Tlfno: 947 363 293<\/p>\n\n\n\n<p>&nbsp;Fax:&nbsp;&nbsp; 947 363 293<\/p>\n\n\n\n<p>&nbsp;Direcci\u00f3n web: <a href=\"http:\/\/www.humada.es\">www.humada.es<\/a><\/p>\n\n\n\n<p>&nbsp;Email: <a href=\"mailto:humada@diputaciondeburgos.net\">humada@diputaciondeburgos.net<\/a><\/p>\n\n\n\n<ul class=\"wp-block-list\">\n<li><strong>AYUNTAMIENTO DE VILLADIEGO<\/strong><\/li>\n<\/ul>\n\n\n<div class=\"wp-block-image\">\n<figure class=\"alignleft\"><img decoding=\"async\" src=\"https:\/\/www.lawebdevaldehumada.es\/wp-content\/uploads\/2017\/08\/Villadiego.jpg\" alt=\"\" class=\"wp-image-925\"\/><\/figure>\n<\/div>\n\n\n<p>Plaza Mayor, 1<\/p>\n\n\n\n<p>09120 Villadiego (Burgos)<\/p>\n\n\n\n<p>Tlfno: 947 361 700<\/p>\n\n\n\n<p>&nbsp;Fax:&nbsp;&nbsp; 947 361 710<\/p>\n\n\n\n<p>Direcci\u00f3n web: <a href=\"http:\/\/www.villadiego.es\">www.villadiego.es<\/a><\/p>\n\n\n\n<p>Email: <a href=\"mailto:ayuntamiento@villadiego.es\">ayuntamiento@villadiego.es<\/a><\/p>\n\n\n\n<ul class=\"wp-block-list\">\n<li><strong>DIPUTACI\u00d3N DE BURGOS<\/strong><\/li>\n<\/ul>\n\n\n<div class=\"wp-block-image\">\n<figure class=\"alignleft\"><img decoding=\"async\" src=\"https:\/\/www.lawebdevaldehumada.es\/wp-content\/uploads\/2017\/08\/Diputacion.jpg\" alt=\"\" class=\"wp-image-926\"\/><\/figure>\n<\/div>\n\n\n<p>Palacio Provincial<\/p>\n\n\n\n<p>Paseo del Espol\u00f3n, 34<\/p>\n\n\n\n<p>09003 Burgos<\/p>\n\n\n\n<p>Tlfno: 947 258 600<\/p>\n\n\n\n<p>Fax:&nbsp;&nbsp;&nbsp; 947 200 750<\/p>\n\n\n\n<p>Direcci\u00f3n web: <a href=\"http:\/\/www.burgos.es\">www.burgos.es<\/a><\/p>\n\n\n\n<p>Email: <a href=\"mailto:web@diputaciondeburgos.net\">web@diputaciondeburgos.net<\/a><\/p>\n\n\n\n<p>Email quejas y\/o sugerencias:&nbsp; <a href=\"mailto:info@diputaciondeburgos.net\">info@diputaciondeburgos.net<\/a><\/p>\n\n\n\n<p>Bolet\u00edn Oficial de la Diputaci\u00f3n de Burgos:<\/p>\n\n\n\n<p>&nbsp;<a href=\"http:\/\/bopbur.diputaciondeburgos.es\/\">http:\/\/bopbur.diputaciondeburgos.es\/<\/a><\/p>\n\n\n\n<ul class=\"wp-block-list\">\n<li><strong>JUNTA DE CASTILLA Y LE\u00d3N<\/strong><\/li>\n<\/ul>\n\n\n<div class=\"wp-block-image\">\n<figure class=\"alignleft\"><img decoding=\"async\" src=\"https:\/\/www.lawebdevaldehumada.es\/wp-content\/uploads\/2017\/08\/JuntaCyL.jpg\" alt=\"\" class=\"wp-image-927\"\/><\/figure>\n<\/div>\n\n\n<p>Plaza Castilla y Le\u00f3n 1<\/p>\n\n\n\n<p>47008 Valladolid<\/p>\n\n\n\n<p>P\u00e1gina web: <a href=\"http:\/\/www.jcyl.es\">http:\/\/www.jcyl.es<\/a><\/p>\n\n\n\n<p>Bolet\u00edn Oficial de la Junta de Castilla y Le\u00f3n. <a href=\"http:\/\/bocyl.jcyl.es\/\">http:\/\/bocyl.jcyl.es\/<\/a><\/p>\n\n\n\n<p>En la p\u00e1gina inicial hay un enlace a las direcciones y tel\u00e9fonos de las distintas consejer\u00edas y organismos dependientes de la Junta.<\/p>\n\n\n<div class=\"wp-block-image\">\n<figure class=\"aligncenter\"><img decoding=\"async\" src=\"https:\/\/www.lawebdevaldehumada.es\/wp-content\/uploads\/2017\/08\/Direcciones_tlfnos_JCyL.jpg\" alt=\"\" class=\"wp-image-928\"\/><\/figure>\n<\/div>\n\n\n<ul class=\"wp-block-list\">\n<li><strong>Consorcio Provincial para el Tratamiento de Residuos Urbanos<\/strong><\/li>\n<\/ul>\n\n\n<div class=\"wp-block-image\">\n<figure class=\"alignleft\"><img decoding=\"async\" src=\"https:\/\/www.lawebdevaldehumada.es\/wp-content\/uploads\/2017\/08\/Consorcio_residuos.jpg\" alt=\"\" class=\"wp-image-929\"\/><\/figure>\n<\/div>\n\n\n<p>Est\u00e1 constituido por todos los municipios y mancomunidades de la provincia, y entre sus fines estatuarios est\u00e1 entre otros, la prestaci\u00f3n de los siguientes servicios:<\/p>\n\n\n\n<ul class=\"wp-block-list\">\n<li>La planificaci\u00f3n y gesti\u00f3n directa o indirecta de los servicios municipales&nbsp;de tratamiento de residuos urbanos.<\/li>\n\n\n\n<li>La planificaci\u00f3n y explotaci\u00f3n directa o indirecta de las&nbsp;plantas de transferencia, centros de tratamiento, dep\u00f3sitos de rechazo y, en su caso de puntos limpios.<\/li>\n\n\n\n<li>La prestaci\u00f3n del servicio de&nbsp;recogida domiciliaria de residuos s\u00f3lidos y recogida separada de papel-cart\u00f3n, envases ligeros y vidrio.<\/li>\n\n\n\n<li>La prestaci\u00f3n del servicio de&nbsp;depuraci\u00f3n de aguas residuales.<\/li>\n<\/ul>\n\n\n\n<p>El punto limpio ubicado en Melgar de Fernamental presta sus servicios a las Mancomunidades \u201cOdra-Pisuerga\u201d y \u201cPe\u00f1a Amaya\u201d a la que pertenece el ayuntamiento de Humada.<\/p>\n\n\n\n<p>Dejar recado dos d\u00edas antes en el 900 100 237. La recogida se realiza el 2\u00ba mi\u00e9rcoles de cada mes. Dejar los enseres junto a los contenedores amarillos el d\u00eda anterior a la recogida.<br>Direcci\u00f3n web:&nbsp;<a href=\"http:\/\/www.conresbur.es\/\">www.conresbur.es<\/a><\/p>\n\n\n\n<p>Email: No disponible<\/p>\n\n\n\n<ul class=\"wp-block-list\">\n<li><strong>Mancomunidad Pe\u00f1a Amaya<\/strong><\/li>\n<\/ul>\n\n\n\n<p>Servicio de&nbsp;<strong>recogida<\/strong>,&nbsp;<strong>transporte<\/strong>, vertido y&nbsp;<strong>tratamiento<\/strong>, en su caso, de&nbsp;<strong>residuos<\/strong>&nbsp;s\u00f3lidos&nbsp;<strong>urbanos<\/strong><\/p>\n\n\n\n<p>Sede de la mancomunidad:&nbsp;Villadiego<\/p>\n\n\n\n<p>Plaza Mayor 1<\/p>\n\n\n\n<p>09120 Villadiego<\/p>\n\n\n\n<p>Tlfno:&nbsp;&nbsp;947 36 17 00<\/p>\n\n\n\n<p>&nbsp;Fax:&nbsp;&nbsp;&nbsp;&nbsp; 947 36 16 39<\/p>\n\n\n\n<p>P\u00e1gina web: <a href=\"http:\/\/mancomunidades.burgos.es\/node\/1083\">http:\/\/mancomunidades.burgos.es\/node\/1083<\/a><\/p>\n\n\n\n<ul class=\"wp-block-list\">\n<li><strong>SERVICIOS LOCALES<\/strong><\/li>\n<\/ul>\n\n\n\n<p><strong>Centro De Salud De Villadiego<\/strong><\/p>\n\n\n\n<p>Avda. Reyes Cat\u00f3licos, S\/N<\/p>\n\n\n\n<p>09120 Villadiego (Burgos)<\/p>\n\n\n\n<p>Tlfno: 947 36 03 04<\/p>\n\n\n\n<p>Fax:&nbsp;&nbsp; 947 36 01 79<\/p>\n\n\n<div class=\"wp-block-image\">\n<figure class=\"aligncenter size-full\"><img loading=\"lazy\" decoding=\"async\" width=\"798\" height=\"1054\" src=\"https:\/\/lawebdehumada.es\/wp-content\/uploads\/Horario-medico-2.jpg\" alt=\"\" class=\"wp-image-4927\" srcset=\"https:\/\/lawebdehumada.es\/wp-content\/uploads\/Horario-medico-2.jpg 798w, https:\/\/lawebdehumada.es\/wp-content\/uploads\/Horario-medico-2-768x1014.jpg 768w\" sizes=\"auto, (max-width: 798px) 100vw, 798px\" \/><\/figure>\n<\/div>\n\n<div class=\"wp-block-image\">\n<figure class=\"aligncenter size-full\"><img loading=\"lazy\" decoding=\"async\" width=\"1235\" height=\"727\" src=\"https:\/\/lawebdehumada.es\/wp-content\/uploads\/Nota-sacyl.jpg\" alt=\"\" class=\"wp-image-4893\" srcset=\"https:\/\/lawebdehumada.es\/wp-content\/uploads\/Nota-sacyl.jpg 1235w, https:\/\/lawebdehumada.es\/wp-content\/uploads\/Nota-sacyl-768x452.jpg 768w\" sizes=\"auto, (max-width: 1235px) 100vw, 1235px\" \/><\/figure>\n<\/div>\n\n\n<ul class=\"wp-block-list\">\n<li><strong>Farmacias de Villadiego<\/strong><\/li>\n<\/ul>\n\n\n\n<p><em>Lcda. Mtnez. De la Mata de L\u00f3zar,&nbsp; M\u00aa Concepci\u00f3n<\/em><\/p>\n\n\n\n<p>Plaza Mayor 12<\/p>\n\n\n\n<p>09120 Villadiego (Burgos)<\/p>\n\n\n\n<p>Tlf:&nbsp;947 36 03 76<\/p>\n\n\n\n<p>Horas apertura: 8<\/p>\n\n\n\n<p><em>Lcdo. Carlos Bertol\u00edn<\/em><\/p>\n\n\n\n<p>Calle mayor 8<\/p>\n\n\n\n<p>09120 Villadiego (Burgos)<\/p>\n\n\n\n<p>Tlfno:&nbsp;947 36 02 55<\/p>\n\n\n\n<p>Horas apertura: 8<\/p>\n\n\n\n<ul class=\"wp-block-list\">\n<li><strong>Notar\u00eda Villadiego:<\/strong><\/li>\n<\/ul>\n\n\n\n<p>Pza. Calvo Sotelo 5, 2\u00ba<\/p>\n\n\n\n<p>09120 Villadiego (Burgos)<\/p>\n\n\n\n<p>Tlfno: 947 36 17 67<\/p>\n\n\n\n<p>Fax:&nbsp;&nbsp;&nbsp; 947 36 17 67<\/p>\n\n\n\n<ul class=\"wp-block-list\">\n<li><strong>Registro de la propiedad (Villadiego)<\/strong><\/li>\n<\/ul>\n\n\n\n<p>Pza Calvo Sotelo 10<\/p>\n\n\n\n<p>09120 Villadiego (Burgos)<\/p>\n\n\n\n<p>Tlfno: 947 36 00 52<\/p>\n\n\n\n<p>Fax:&nbsp;&nbsp;&nbsp; 947 36 16 52<\/p>\n\n\n\n<p>Email: <a href=\"mailto:villadiego@registrodelapropiedad.org\">villadiego@registrodelapropiedad.org<\/a><\/p>\n\n\n\n<ul class=\"wp-block-list\">\n<li><strong>Oficina de Recaudaci\u00f3n de la Diputaci\u00f3n Provincial (Villadiego)<\/strong><\/li>\n<\/ul>\n\n\n\n<p>C\/ Diego Porcelos, 3<\/p>\n\n\n\n<p>09120 Villadiego (Burgos)<\/p>\n\n\n\n<p>Tlfno: 947 36 18 88<\/p>\n\n\n\n<ul class=\"wp-block-list\">\n<li><strong>Parque de Bomberos de Villadiego<\/strong><\/li>\n<\/ul>\n\n\n\n<p>Emergencias de Castilla y Le\u00f3n<\/p>\n\n\n\n<p>Tlfno: 112<\/p>\n\n\n\n<ul class=\"wp-block-list\">\n<li><strong>T\u00e9cnico en animaci\u00f3n comunitaria<\/strong> (Juan Carlos Vivar)\n<ul class=\"wp-block-list\">\n<li>Horario de permanencia en el ayuntamiento de Humada de 11:30 a 13:00 el 4\u00ba mi\u00e9rcoles de mes<\/li>\n<\/ul>\n<\/li>\n\n\n\n<li><strong>Trabajadora social en Humada<\/strong>\n<ul class=\"wp-block-list\">\n<li>En el ayuntamiento de 12:30 a 14:00 el 2\u00ba mi\u00e9rcoles de cada mes previa cita al tlfno. 947 25 86 45<\/li>\n<\/ul>\n<\/li>\n<\/ul>\n\n\n\n<ul class=\"wp-block-list\">\n<li><strong>Autob\u00fas\/Taxi Jos\u00e9 M\u00aa Negrete<\/strong><\/li>\n<\/ul>\n\n\n\n<p>C\/ Mayor 11<\/p>\n\n\n\n<p>09120 Villadiego (Burgos)<\/p>\n\n\n\n<p>&nbsp;&nbsp; Tlfnos: 947 36 02 30 \/ 630 98 65 30<\/p>\n\n\n\n<ul class=\"wp-block-list\">\n<li><strong>Pescader\u00eda Pedro y Carlos (Villadiego)<\/strong><\/li>\n<\/ul>\n\n\n\n<p>Pza. Calvo Sotelo 8 Bajo<\/p>\n\n\n\n<p>Tlfnos: 947 36 02 88 \/626 61 92 62<\/p>\n\n\n\n<p>Apertura 9:00 los jueves, viernes y s\u00e1bados<\/p>\n\n\n\n<ul class=\"wp-block-list\">\n<li><strong>Panadero de Pedrosa<\/strong>: 697 19 63 94<\/li>\n\n\n\n<li><strong>Recogida muebles y enseres<\/strong>: 2\u00ba mi\u00e9rcoles de cada mes, llamando previamente al 900 100 237 (gratuito)<\/li>\n\n\n\n<li><strong>Recogida materia org\u00e1nica (basura)<\/strong>: 947 36 17 00<\/li>\n\n\n\n<li><strong>Recogida vidrio (ASCAN)<\/strong>: 900 71 47 15<\/li>\n\n\n\n<li><strong>Recogida de pl\u00e1sticos-papel (CONSORCIO<\/strong>): 947 255 525<\/li>\n\n\n\n<li><strong>Parroquia de Humada<\/strong>: Rvdo<strong>.<\/strong> D. Vicente Sancibri\u00e1n Garc\u00eda 679 25 53 15<\/li>\n\n\n\n<li><strong>Repsol Butano T\u00e9cnico Oficial de Zona&nbsp; 979 74 66 11<\/strong><\/li>\n\n\n\n<li><strong>Seprona<\/strong>: &nbsp;947 24 54 72<\/li>\n\n\n\n<li><strong>Otros servicios<\/strong>\n<ul class=\"wp-block-list\">\n<li><strong>Agronews<\/strong> (Servicio de noticias de la Junta de Castilla y Le\u00f3n relacionadas con la agricultura y ganader\u00eda). P\u00e1gina muy interesante para los agricultores y ganaderos. &nbsp;Contiene actualizaci\u00f3n semanal de productos agr\u00edcolas y ganaderos, normativa PAC, contratos arrendamiento fincas, etc.&nbsp;\n<ul class=\"wp-block-list\">\n<li>P\u00e1gina web: <a href=\"http:\/\/www.agronewscastillayleon.com\/\">www.agronewscastillayleon.com\/<\/a><\/li>\n<\/ul>\n<\/li>\n\n\n\n<li><strong>Geoparque de las Loras<\/strong>. <strong>Geoparque Mundial Unesco<\/strong>\n<ul class=\"wp-block-list\">\n<li>P\u00e1gina electr\u00f3nica:&nbsp;<a href=\"http:\/\/geoparquelasloras.es\/\">http:\/\/geoparquelasloras.es\/<\/a><\/li>\n\n\n\n<li><strong>Argeol (Asociaci\u00f3n para la reserva geol\u00f3gica de Las Loras)<\/strong><\/li>\n\n\n\n<li>Direcci\u00f3n: Av. Cervera, 26, 34800 Aguilar de Campoo, Palencia<\/li>\n\n\n\n<li>Correo electr\u00f3nico:&nbsp;<a href=\"mailto:geoloras@gmail.com\">geoloras@gmail.com<\/a><\/li>\n\n\n\n<li>Tel\u00e9fono: 659046747<\/li>\n<\/ul>\n<\/li>\n<\/ul>\n<\/li>\n<\/ul>\n\n\n\n<p><\/p>\n","protected":false},"excerpt":{"rendered":"<p>Insertamos &hellip; <\/p>\n","protected":false},"author":1,"featured_media":0,"parent":0,"menu_order":0,"comment_status":"closed","ping_status":"closed","template":"","meta":{"h5ap_radio_sources":[],"footnotes":""},"class_list":["post-4900","page","type-page","status-publish","hentry"],"_links":{"self":[{"href":"https:\/\/lawebdehumada.es\/index.php?rest_route=\/wp\/v2\/pages\/4900","targetHints":{"allow":["GET"]}}],"collection":[{"href":"https:\/\/lawebdehumada.es\/index.php?rest_route=\/wp\/v2\/pages"}],"about":[{"href":"https:\/\/lawebdehumada.es\/index.php?rest_route=\/wp\/v2\/types\/page"}],"author":[{"embeddable":true,"href":"https:\/\/lawebdehumada.es\/index.php?rest_route=\/wp\/v2\/users\/1"}],"replies":[{"embeddable":true,"href":"https:\/\/lawebdehumada.es\/index.php?rest_route=%2Fwp%2Fv2%2Fcomments&post=4900"}],"version-history":[{"count":7,"href":"https:\/\/lawebdehumada.es\/index.php?rest_route=\/wp\/v2\/pages\/4900\/revisions"}],"predecessor-version":[{"id":4932,"href":"https:\/\/lawebdehumada.es\/index.php?rest_route=\/wp\/v2\/pages\/4900\/revisions\/4932"}],"wp:attachment":[{"href":"https:\/\/lawebdehumada.es\/index.php?rest_route=%2Fwp%2Fv2%2Fmedia&parent=4900"}],"curies":[{"name":"wp","href":"https:\/\/api.w.org\/{rel}","templated":true}]}}